s 29809 composite?
True
Is 6899 composite?
False
Is 109513 a composite number?
True
Is 1057583 composite?
True
Is 6013303 prime?
True
Is 390671 composite?
False
Is 16574 a prime number?
False
Is 53147 composite?
False
Is 1117 a composite number?
False
Is 1201 a composite number?
False
Is 550313 prime?
False
Is 139241 composite?
False
Is 22805 composite?
True
Is 165773 a composite number?
True
Is 108403 a prime number?
False
Is 272863 a prime number?
True
Is 4559 a composite number?
True
Is 27319 a prime number?
False
Is 538 a composite number?
True
Is 114301 prime?
False
Is 20993 a composite number?
True
Is 20177 a composite number?
False
Is 2003 composite?
False
Is 559571 composite?
False
Is 88771 a composite number?
False
Is 5702 prime?
False
Is 41269 composite?
False
Is 428977 a prime number?
True
Is 127217 prime?
True
Is 66635 a composite number?
True
Is 269879 prime?
True
Is 10223 a composite number?
False
Is 232549 prime?
True
Is 8287 composite?
False
Is 52061 composite?
True
Is 1651 composite?
True
Is 174367 prime?
True
Is 19235 prime?
False
Is 36187 a prime number?
True
Is 2064487 a prime number?
True
Is 750277 a composite number?
True
Is 157543 a prime number?
True
Is 1571 a composite number?
False
Is 39089 composite?
False
Is 641 a composite number?
False
Is 262622 a composite number?
True
Is 15859 prime?
True
Is 428191 prime?
False
Is 84751 a composite number?
False
Is 153259 a composite number?
False
Is 3277 a prime number?
False
Is 34987 composite?
True
Is 503441 prime?
True
Is 119353 composite?
True
Is 4703 composite?
False
Is 46745 a prime number?
False
Is 158087 a composite number?
True
Is 13577 prime?
True
Is 413629 a composite number?
False
Is 681773 composite?
False
Is 9989 composite?
True
Is 8743 prime?
False
Is 29009 prime?
True
Is 39359 composite?
False
Is 661787 a prime number?
False
Is 25013 a prime number?
True
Is 188051 prime?
False
Is 548789 prime?
False
Is 378869 a prime number?
True
Is 1255853 a composite number?
True
Is 11213 prime?
True
Is 108863 composite?
False
Is 188957 a composite number?
False
Is 85361 composite?
False
Is 2766574 a prime number?
False
Is 25202 composite?
True
Is 1679 a prime number?
False
Is 90161 a composite number?
True
Is 28387 a composite number?
False
Is 185 a composite number?
True
Is 137689 a prime number?
False
Is 51431 composite?
False
Is 8387 a prime number?
True
Is 285823 a composite number?
False
Is 3623483 a composite number?
False
Is 81335 prime?
False
Is 13043 composite?
False
Is 68833 composite?
True
Is 101909 prime?
False
Is 89479 prime?
False
Is 6029 prime?
True
Is 12869 a composite number?
True
Is 74587 a prime number?
True
Is 81799 composite?
False
Is 12611 prime?
True
Is 9487 a prime number?
False
Is 127 a prime number?
True
Is 12055 a prime number?
False
Is 70593 a prime number?
False
Is 2570021 a composite number?
True
Is 9917 a prime number?
False
Is 3958697 composite?
False
Is 6197 prime?
True
Is 24883 a composite number?
True
Is 3967 prime?
True
Is 105409 a composite number?
True
Is 6469 prime?
True
Is 3799 prime?
False
Is 22343 a composite number?
False
Is 13381 a prime number?
True
Is 39965 composite?
True
Is 12949 a prime number?
False
Is 440099 composite?
True
Is 5623 prime?
True
Is 126209 a prime number?
False
Is 18119 prime?
True
Is 24889 a composite number?
False
Is 2411 a composite number?
False
Is 510857 a prime number?
False
Is 781931 composite?
True
Is 84187 prime?
False
Is 5089 a prime number?
False
Is 95423 a prime number?
False
Is 3394 a prime number?
False
Is 1269529 prime?
True
Is 32309 a composite number?
False
Is 4247 a prime number?
False
Is 32363 composite?
False
Is 11089 prime?
False
Is 174557 a composite number?
True
Is 217726 a composite number?
True
Is 13567 prime?
True
Is 736877 prime?
False
Is 470099 composite?
True
Is 29702 a prime number?
False
Is 22519 a composite number?
True
Is 35193 a prime number?
False
Is 887 a composite number?
False
Is 2833 a composite number?
False
Is 22417 composite?
True
Is 29905 a prime number?
False
Is 13571 prime?
False
Is 384331 composite?
False
Is 287551 prime?
False
Is 17603 a prime number?
False
Is 449669 a composite number?
True
Is 127951 a composite number?
False
Is 167285 a composite number?
True
Is 1345973 a prime number?
True
Is 93209 a composite number?
True
Is 132851 composite?
False
Is 60479 composite?
True
Is 3079 composite?
False
Is 2323 a prime number?
False
Is 114613 composite?
False
Is 3203493 a composite number?
True
Is 4703 composite?
False
Is 13289 a composite number?
True
Is 691867 composite?
True
Is 7609 composite?
True
Is 6377 composite?
True
Is 6383 a prime number?
False
Is 668201 a composite number?
False
Is 89437 a composite number?
True
Is 73691 composite?
True
Is 1720669 a composite number?
False
Is 34901 a prime number?
False
Is 112831 composite?
False
Is 189661 a prime number?
True
Is 27673 a prime number?
True
Is 424079 a composite number?
False
Is 214939 a prime number?
True
Is 7727 a prime number?
True
Is 230083 a composite number?
True
Is 5849 a prime number?
True
Is 11843 a composite number?
True
Is 628249 composite?
True
Is 51567 prime?
False
Is 8857 prime?
False
Is 204973 a prime number?
True
Is 27133 a composite number?
True
Is 997 composite?
False
Is 2651 prime?
False
Is 405323 a composite number?
False
Is 550841 a prime number?
True
Is 5638 prime?
False
Is 2819 composite?
False
Is 78413 composite?
True
Is 207187 a composite number?
False
Is 615127 a composite number?
True
Is 1671311 a prime number?
True
Is 73279 a prime number?
False
Is 50171 prime?
False
Is 1200917 a composite number?
False
Is 145991 prime?
True
Is 27733 prime?
True
Is 61561 composite?
False
Is 346529 a composite number?
False
Is 297547 a prime number?
False
Is 494023 a prime number?
True
Is 575699 prime?
True
Is 44053 composite?
False
Is 15859 a prime number?
True
Is 928531 prime?
False
Is 33433 composite?
True
Is 3979 a composite number?
True
Is 205019 prime?
True
Is 264241 composite?
True
Is 3265 a prime number?
False
Is 1950629 prime?
True
Is 33037 prime?
True
Is 3900191 a composite number?
True
Is 267629 a composite number?
False
Is 184109 composite?
True
Is 244911 composite?
True
Is 2690851 prime?
True
Is 100049 a prime number?
True
Is 3385 a composite number?
True
Is 1289605 a prime number?
False
Is 96953 a composite number?
False
Is 22891 composite?
True
Is 289499 a composite number?
True
Is 66601 composite?
False
Is 2641 composite?
True
Is 1796477 prime?
True
Is 496351 composite?
True
Is 5669 a prime number?
True
Is 1051139 prime?
True
Is 18263 a composite number?
True
Is 202049 a composite number?
False
Is 683569 prime?
False
Is 4751 prime?
True
Is 143053 a prime number?
True
Is 6028759 prime?
False
Is 2609 a composite number?
False
Is 41753 composite?
True
Is 21929 a prime number?
True
Is 797231 a composite number?
True
Is 10519 a composite number?
True
Is 60373 composite?
False
Is 43997 a composite number?
False
Is 6491 prime?
True
Is 2919839 a composite number?
True
Is 924893 prime?
False
Is 11359 prime?
False
Is 139609 prime?
True
Is 325939 composite?
False
Is 218231 composite?
True
Is 50537 a prime number?
False
Is 4385 composite?
True
Is 8357 composite?
True
Is 713 a prime number?
False
Is 113063 prime?
True
Is 190769 a composite number?
False
Is 29777 a prime number?
False
Is 101615 a prime number?
False
Is 929257 composite?
True
Is 27926 a prime number?
False
Is 57301 a prime number?
True
Is 733483 composite?
True
Is 96127 a prime number?
False
Is 3433 prime?
True
Is 9806 a prime number?
False
Is 6997 a prime number?
True
Is 1181327 a prime number?
False
Is 789335 a composite number?
True
Is 485871 a prime number?
False
Is 308879 composite?
True
Is 5263 prime?
False
Is 18169 a composite number?
False
Is 25387 prime?
False
Is 239893 prime?
True
Is 462599 composite?
True
Is 32393 composite?
True
Is 24333 a prime number?
False
Is 138835 composite?
True
Is 108291 a composite number?
True
Is 134947 a prime number?
True
Is 499601 composite?
False
Is 38417 a prime number?
False
Is 1004719 prime?
False
Is 121289 a composite number?
True
Is 26483 prime?
False
Is 6898 a composite number?
True
Is 155735 a composite number?
True
Is 14971 a prime number?
False
Is 1543 prime?
True
Is 253 prim